1750 (base 9) to base 12.
27199
499 (base 10) to base 12
357
3b90 (base 14) to base 5
314024
What is -19 (base 11) in base 10?
-20
Convert -2040 (base 5) to base 11.
-226
505 (base 14) to base 3
1100111
-2513 (base 8) to base 5
-20410
Convert 111030 (base 4) to base 14.
6cc
-331 (base 4) to base 12
-51
Convert -50335 (base 7) to base 6.
-132214
Convert -11241 (base 5) to base 14.
-429
What is 434 (base 12) in base 10?
616
Convert -225 (base 12) to base 6.
-1245
Convert 11353 (base 6) to base 10.
1653
Convert -2760 (base 12) to base 3.
-20020000
Convert -3970 (base 13) to base 11.
-6188
-10024 (base 9) to base 3
-100000211
Convert -33564 (base 7) to base 10.
-8523
Convert 1146 (base 8) to base 13.
383
What is 4a1 (base 13) in base 14?
419
What is 1101110000 (base 2) in base 10?
880
Convert 2412 (base 7) to base 5.
12031
What is -20212 (base 4) in base 5?
-4200
-517 (base 13) to base 4
-31201
What is -653e (base 16) in base 6?
-315554
Convert -333 (base 4) to base 8.
-77
Convert -1000102 (base 3) to base 13.
-44c
Convert 47576 (base 10) to base 11.
32821
-a044 (base 13) to base 16
-560a
-11011122 (base 3) to base 2
-101111100001
What is -22000 (base 4) in base 2?
-1010000000
What is -100003 (base 4) in base 8?
-2003
-5103 (base 7) to base 13
-a5c
What is 3b9 (base 15) in base 16?
351
-1302 (base 8) to base 10
-706
Convert 1011001000 (base 2) to base 14.
38c
-30c2 (base 15) to base 3
-112010202
Convert 99 (base 15) to base 7.
264
What is 10232 (base 4) in base 11?
255
Convert 785 (base 10) to base 14.
401
Convert 422 (base 6) to base 2.
10011110
4a11 (base 16) to base 4
10220101
66611 (base 7) to base 10
16766
Convert -1231300 (base 5) to base 3.
-1012212001
-24531 (base 6) to base 10
-3655
11001001010 (base 2) to base 4
121022
What is 5da (base 16) in base 15?
69d
Convert 31034 (base 5) to base 6.
13203
-1210 (base 4) to base 12
-84
Convert 300020 (base 5) to base 11.
7062
11203121 (base 4) to base 3
1011012102
1002 (base 4) to base 12
56
Convert 33223 (base 5) to base 16.
909
What is -6fb3 (base 16) in base 5?
-1403340
What is -26815 (base 10) in base 3?
-1100210011
Convert 476c (base 13) to base 15.
2eab
Convert -40440 (base 5) to base 2.
-101000111100
Convert -101101110 (base 2) to base 9.
-446
-49a (base 14) to base 13
-55a
What is 1110110 (base 2) in base 10?
118
Convert -194 (base 11) to base 14.
-120
Convert -2487 (base 15) to base 14.
-2b97
What is -425 (base 13) in base 10?
-707
What is -243002 (base 6) in base 2?
-101001110001010
What is -25 (base 14) in base 2?
-100001
Convert 2021201 (base 4) to base 16.
2261
-3466 (base 11) to base 13
-20bc
Convert -957 (base 11) to base 16.
-47f
-111100101001 (base 2) to base 10
-3881
Convert 20360 (base 7) to base 10.
4991
-33322 (base 4) to base 12
-70a
10110101000111 (base 2) to base 5
332331
-473 (base 13) to base 10
-770
Convert -376 (base 8) to base 3.
-100102
What is -1212201002 (base 3) in base 5?
-2140330
Convert 725 (base 10) to base 11.
5aa
What is 100100010100000 (base 2) in base 7?
105130
-110122002 (base 3) to base 5
-243314
What is 26725 (base 10) in base 7?
140626
Convert 7c3 (base 13) to base 15.
5e7
Convert -bbb (base 14) to base 13.
-1097
What is 10ac (base 13) in base 7?
6551
Convert -293 (base 12) to base 11.
-333
What is 28a0 (base 16) in base 2?
10100010100000
2261 (base 9) to base 10
1675
-1360a (base 12) to base 10
-26794
Convert -550 (base 8) to base 6.
-1400
-317 (base 12) to base 7
-1213
Convert 441 (base 5) to base 12.
a1
Convert -479 (base 14) to base 13.
-537
Convert 888 (base 10) to base 3.
1012220
What is -13141 (base 8) in base 12?
-3395
Convert -120122111 (base 3) to base 4.
-2302033
-1002101 (base 3) to base 14
-409
-2c0a (base 14) to base 10
-7850
1424124 (base 5) to base 12
1538a
What is -22461 (base 7) in base 9?
-7763
What is -11101011100110 (base 2) in base 6?
-153450
Convert 330 (base 8) to base 2.
11011000
Convert -24142 (base 8) to base 7.
-42066
11497 (base 10) to base 12
67a1
What is 629 (base 10) in base 4?
21311
Convert -45a (base 15) to base 2.
-1111011001
-21244 (base 7) to base 9
-7211
15066 (base 9) to base 11
7793
What is 2011021101 (base 3) in base 14?
116a5
Convert -3a3 (base 13) to base 3.
-212201
-3a8 (base 15) to base 14
-437
What is -777 (base 11) in base 4?
-32203
-2188 (base 11) to base 3
-10221122
53292 (base 10) to base 14
155c8
Convert 2b4 (base 13) to base 15.
225
Convert 29 (base 15) to base 7.
54
-60 (base 12) to base 9
-80
What is -7859 (base 10) in base 9?
-11702
Convert 87083 (base 10) to base 5.
10241313
What is -1103010 (base 4) in base 2?
-1010011000100
What is 1441 (base 8) in base 6?
3413
What is 2130440 (base 5) in base 9?
54801
Convert -2275 (base 12) to base 6.
-25425
Convert 1322 (base 6) to base 4.
11102
-10a7 (base 12) to base 5
-24410
What is 1a38 (base 16) in base 4?
1220320
What is -53 (base 13) in base 10?
-68
30301 (base 7) to base 9
11067
2100230 (base 4) to base 13
42a4
What is 1202001002 (base 3) in base 14?
c6d6
Convert -2ca65 (base 13) to base 11.
-59069
What is -100011000011001 (base 2) in base 15?
-54b5
What is -11041 (base 10) in base 11?
-8328
What is -44aa (base 11) in base 6?
-43240
Convert -56 (base 13) to base 15.
-4b
104 (base 13) to base 11
148
Convert 3010 (base 6) to base 2.
1010001110
313230 (base 4) to base 13
1812
Convert 236 (base 15) to base 12.
359
What is 2222100 (base 3) in base 16?
879
-1e61 (base 16) to base 5
-222102
What is 118a (base 13) in base 12?
1528
-350400 (base 6) to base 3
-1112002100
Convert -404 (base 13) to base 16.
-2a8
-12334 (base 6) to base 2
-11101000010
1011111100000011 (base 2) to base 7
262364
Convert -33046 (base 7) to base 3.
-102100011
-163 (base 7) to base 14
-6a
What is 12755 (base 9) in base 16?
21bc
What is -100002 (base 4) in base 2?
-10000000010
-13122 (base 5) to base 13
-61a
-343 (base 10) to base 8
-527
What is 220 (base 11) in base 12?
1a0
-14156 (base 8) to base 11
-4776
What is -454 (base 10) in base 5?
-3304
What is -134301 (base 5) in base 12?
-3288
13113 (base 8) to base 7
22432
-88a (base 15) to base 14
-9bc
780 (base 10) to base 11
64a
-1011221 (base 3) to base 11
-714
Convert a6c (base 16) to base 3.
10122211
-1001101101 (base 2) to base 16
-26d
Convert 3339 (base 13) to base 16.
1bea
What is -2b140 (base 12) in base 11?
-41647
What is 1011b (base 14) in base 12?
1a439
Convert 12024 (base 5) to base 10.
889
Convert 23d (base 15) to base 9.
624
-b648 (base 13) to base 14
-92ad
Convert 66 (base 7) to base 9.
53
What is -1113214 (base 6) in base 9?
-85401
What is 12000022 (base 3) in base 5?
104103
What is -531 (base 15) in base 11?
-975
Convert -101010110 (base 2) to base 11.
-291
What is 855 (base 11) in base 13?
611
Convert -1224 (base 6) to base 5.
-2204
b12 (base 13) to base 5
24444
What is 129 (base 16) in base 7?
603
-61ed (base 16) to base 6
-312021
2807 (base 9) to base 8
4101
-12225 (base 7) to base 2
-110010000100
What is 131255 (base 6) in base 16?
2ed3
-11000100000 (base 2) to base 12
-aa8
Convert -30b (base 15) to base 2.
-1010101110
Convert -212011 (base 4) to base 8.
-4605
Convert 2506 (base 7) to base 16.
3a9
-115 (base 13) to base 5
-1222
What is -25be (base 15) in base 10?
-8054
What is -103432 (base 7) in base 14?
-6819
Convert -91a (base 13) to base 11.
-1184
1203133 (base 4) to base 12
3827
Convert 20022 (base 5) to base 6.
5502
What is e1 (base 15) in base 9?
254
218c2 (base 13) to base 16
ed9d
-20201120 (base 3) to base 14
-1b02
Convert -22463 (base 7) to base 14.
-2133
Convert 2841 (base 10) to base 4.
230121
Convert -53b (base 16) to base 10.
-1339
What is 5511 (base 6) in base 13?
766
What is 7b0 (base 13) in base 3?
1211010
Convert -121b (base 15) to base 11.
-2991
Convert -212 (base 13) to base 15.
-188
11546 (base 7) to base 13
14b7
Convert 2529 (base 11) to base 16.
ce2
Convert 256d (base 16) to base 4.
2111231
What is 107430 (base 8) in base 12?
19248
What is 10331 (base 4) in base 7?
632
187 (base 9) to base 14
b6
Convert -3014 (base 7) to base 16.
-410
Convert -1111110100011 (base 2) to base 5.
-224344
-3022 (base 6) to base 9
-815
Convert -a6 (base 15) to base 7.
-312
Convert -25602 (base 7) to base 8.
-15235
What is 14153 (base 11) in base 3?
1000122002
Convert -1002200 (base 4) to base 16.
-10a0
-1000000010